 Let n be (8/(-4) + 2)*1. Suppose n = -4*p - p + 250. Calculate the greatest common divisor of p and y.
10
Let w = 9 - -4. Let a(f) = -f + 2. Let m be a(-3). Suppose 23 + 172 = m*g. What is the highest common factor of w and g?
13
Let b be 1 + 1 - (2 - 0). Suppose -j + b*j = r - 457, 0 = j + 3. Suppose 4*l - r = 68. What is the greatest common divisor of 33 and l?
33
Let l = 33 + -33. Suppose -3*y + 2*o + 83 = -l*o, 5*y = -3*o + 132. Suppose 5*n - 13 = 3*d - 4*d, -4*n = d - 10. Calculate the highest common factor of n and y.
3
Let f be 7 + 1 - (20 + -17). Suppose 878 - 318 = f*z. What is the greatest common factor of z and 168?
56
Let r(d) = -3*d + 1. Let u(p) = p. Let t(x) = -4*r(x) - 14*u(x). Let k be t(-6). Suppose 4*b = -36*b + 40. Calculate the highest common factor of b and k.
1
Let h be (-4480)/(-25) + 16/20. Calculate the greatest common divisor of 24 and h.
12
Let a(r) = -3*r + 1. Let w be a(-7). Suppose 2*v = -2*s + w - 6, -5*v + 4*s + 4 = 0. Let d = -30 - -62. What is the highest common factor of d and v?
4
Let x = -791 + 2078. What is the highest common factor of 234 and x?
117
Let h = -5 + 20. Let g(m) = -m + 21. Let d be g(h). Let w = 36 - 21. What is the highest common factor of w and d?
3
Let n be (-1)/4 + (-741)/76. Let h = 78 + n. Let a = -12 + 29. Calculate the greatest common factor of h and a.
17
Suppose 4*h = 5*b - 0 - 2, h + 2 = 2*b. Let m be (-36)/(-44) - b/(-11). Calculate the highest common factor of 1 and m.
1
Let r be ((-564)/(-21) - -1) + (-32)/(-224). Calculate the greatest common factor of 52 and r.
4
Suppose 7*i + 3 = 6*i. Let j(c) = -7*c - 13. Let t be j(i). What is the greatest common divisor of t and 4?
4
Suppose 200 = 5*q + 5. Calculate the highest common divisor of q and 78.
39
Suppose 4*g = -0*g - 448. Let u be (-1)/(g/36 + 3). What is the highest common factor of u and 72?
9
Let w = 85 + -80. Let z(n) = 3*n + 27. Let p be z(w). Calculate the highest common divisor of p and 28.
14
Suppose 0 = 5*i + 1 + 54. Let f = i + 15. Calculate the greatest common divisor of 1 and f.
1
Suppose 5*v - 14 - 241 = 0. Suppose -102 = 1144*k - 1145*k. What is the highest common factor of v and k?
51
Let w be (-27664)/48*6/(-7). Calculate the highest common factor of 266 and w.
38
Let o be 10/6 - 7748/(-447). Suppose 2*b = 6, -3*a - b - 2 = -11. Suppose -a*s + 3*s = 95. What is the greatest common divisor of o and s?
19
Suppose 0 = 3462*u - 3470*u + 8. Let v(x) = x**3 - 5*x**2 - 4*x - 8. Let g be v(6). Let t be g/6*3/2. What is the greatest common divisor of u and t?
1
Let a = 17 - -23. Let x be (0 - -2)*300/a. Let z be (-70)/x*12/(-8). Calculate the greatest common factor of 49 and z.
7
Suppose 9*d + 16 = 70. Suppose d*s - 10*s + 728 = 0. Calculate the greatest common factor of s and 14.
14
Let n(b) = 6*b**2 - 32*b + 3. Let x be n(-10). Calculate the highest common factor of x and 13.
13
Let g(y) = 2*y**2 + 15*y - 7. Let u be g(-9). What is the highest common divisor of u and 180?
20
Let n(a) = a**3 + 14*a**2 + 18*a + 290. Let b be n(-14). Calculate the greatest common factor of 817 and b.
19
Let l = 934 + -609. What is the greatest common divisor of l and 25?
25
Suppose j = 7*j - 264. Let g be 7/35 + (-22)/10. Let w be ((-16)/(-6))/(g/(-3)). What is the greatest common factor of j and w?
4
Suppose h + 2*x + 34 = 5*h, 2*x = -2*h + 20. Calculate the highest common divisor of h and 81.
9
Suppose 0*r + 2*r + 6 = 0. Let v = 81 - 86. Let j be r/(-1) - 25/v. Calculate the greatest common divisor of j and 16.
8
Suppose -4*u + 2534 = 2390. What is the greatest common divisor of u and 4?
4
Let g be 7 - 4 - -5 - 6. Suppose 4*p = 105 - 41. Calculate the highest common divisor of p and g.
2
Suppose -2*t - 4*z = -160, 3*z = -5*t + 149 + 230. What is the highest common divisor of 4 and t?
2
Let c be 7/(-63) + (-410)/(-45). What is the highest common divisor of c and 18?
9
Suppose 0 = k - 3*r + 13, -3*k - 4*r - 79 = -3*r. Let l = 21 + k. Let z be 13 + (-5)/((-10)/l). Calculate the greatest common factor of 88 and z.
11
Let r be 15 - ((-5)/2)/((-22)/(-44)). Let x be (-2)/4 - 562/(-4). What is the highest common factor of r and x?
20
Let c = -13 + 17. Suppose 37 = 3*f + 2*u - u, -c*f - 2*u + 46 = 0. Let w = 57 + 55. What is the highest common factor of f and w?
14
Let x be ((-8)/7)/(22/(-77)). Suppose x = 2*s - 10. Calculate the highest common divisor of 56 and s.
7
Let b be (-10)/45 - 48/27. Let u be (-10)/b - 7/(-28)*-8. Calculate the highest common divisor of u and 48.
3
Let b(h) = 4*h**2 + 17*h + 23. Let n be b(-11). Calculate the greatest common divisor of n and 10.
10
Suppose 0 = r + 2*r - 18. Let f = -2 + 6. Let v be (f - 4) + (7 - 1). What is the highest common factor of v and r?
6
Let m(u) = -u**3 - 5*u**2 - 6*u - 23. Let w be m(-5). What is the highest common factor of 28 and w?
7
Let t = 1 - 1. Let j(b) = b**2 + 13. Let r be j(t). Suppose -5*w - 380 = -3*m, 5*m - 5*w = -198 + 838. What is the greatest common factor of m and r?
13
Let p be 4/((-12)/(-999)) + (-8)/2. Suppose p = 13*c + 95. Calculate the greatest common factor of 12 and c.
6
Let d be 266/30*3 - 27/45. Calculate the greatest common divisor of 1911 and d.
13
Let y(s) = -s + 3. Let g be y(0). Let b be ((-1245)/(-9) - 3) + g/(-9). Calculate the greatest common divisor of b and 15.
15
Let d(z) = -26*z - 86. Let k be d(-13). Calculate the greatest common divisor of k and 144.
36
Let u(v) = v**2 + 2*v - 9. Suppose 0 = 69*x - 74*x - 25. Let i be u(x). What is the highest common factor of i and 2?
2
Let n be 3/(-5) - 10/25. Let i be 1 + 22*(-2)/n. Let d be 13 + (-2 - -1) + (11 - 14). What is the greatest common divisor of d and i?
9
Suppose -94*d + 89*d - 295 = -3*v, 4*d = -v + 104. Calculate the greatest common divisor of 40 and v.
20
Let r = -1180 - -1244. What is the greatest common divisor of 2 and r?
2
Let x = -19 + 141. Let g = 3 + 3. Suppose 34 + x = g*u. What is the greatest common factor of u and 234?
26
Suppose 45 = -5*k - 0*k. Let z = k - -11. Suppose -112 = z*l - 4*l. What is the greatest common divisor of l and 8?
8
Suppose 5*z = -5*p + 348 - 83, 3*p + 49 = z. Let d = 88 - z. Calculate the highest common divisor of d and 4.
4
Let h be 1/1 + 16/4. Suppose h*k + 3 = 53. Suppose -5*n = -140 - k. Calculate the greatest common divisor of n and 12.
6
Suppose 4*z - 77 - 15 = 0. Suppose 5*r + z = 68. Suppose -3*v + r = g, -4*g - 4*v + v = -27. Calculate the greatest common factor of g and 3.
3
Let k = 201 - 198. What is the greatest common factor of 69 and k?
3
Let m(u) = -12*u**3 + u**2 + 2*u + 2. Let y be m(-2). Suppose -3*c = 4*c - y. Calculate the highest common divisor of 70 and c.
14
Let u = -262 - -382. What is the highest common factor of u and 96?
24
Let w be -5 - 2/((-8)/244). Suppose 0*m = -m + 5. Suppose -g + 2*g = a + 10, m*a = 3*g - 34. Calculate the greatest common divisor of w and g.
8
Let d = -849 + 1015. What is the highest common divisor of 1411 and d?
83
Let l be 2/24*-3 - (-930)/8. Calculate the greatest common factor of l and 20.
4
Suppose -44 = -3*w - 2*s, 115 = 2*w + 3*w - 5*s. Suppose -57 = -3*x - w. What is the greatest common factor of x and 13?
13
Suppose 0 = -2*x - 0*x + h - 115, 20 = -4*h. Let i be (-4)/(-6) - x/45. Calculate the highest common factor of i and 3.
1
Let q(w) = 85*w - 354. Let p be q(6). What is the greatest common factor of 520 and p?
52
Let n be 0/(-3) - -15 - 0. Suppose 4*v = v + n. What is the highest common factor of 2 and v?
1
Let j = -807 - -815. Suppose -5*z = 2*q + 2*q + 88, -2*q - 4 = 0. Let g = z - -24. What is the greatest common divisor of g and j?
8
Let d be (-15)/2*((-46)/6 - -1). Let b = -27 + d. What is the greatest common divisor of b and 115?
23
Let q be (-29)/((24/6)/(-4)). Let h(g) = -6*g + 10. Let m be h(-8). Calculate the greatest common factor of m and q.
29
Let r(a) be the first derivative of 2*a**3/3 - 15*a**2/2 - 4*a - 5. Let q be r(8). Calculate the highest common divisor of 1 and q.
1
Suppose 0 = 4*j + j. Suppose j = 2*r - 2*w - 2*w - 104, 240 = 5*r - 5*w. Calculate the greatest common divisor of 11 and r.
11
Let c be (210/(-8))/((-51)/136). Calculate the greatest common divisor of c and 154.
14
Let k(t) = 12*t - 1. Let n(j) = j**2 - 2*j - 2. Let q = 26 + -23. Let a be n(q). Let r be k(a). What